
Is 1249 prime?
True
Is 357947 prime?
False
Is 17609 a composite number?
False
Is 59509 composite?
False
Is 15013 composite?
False
Is 2099 a prime number?
True
Is 21709 prime?
False
Is 84221 a composite number?
False
Is 21661 composite?
False
Is 21283 composite?
False
Is 21839 a composite number?
False
Is 316447 a composite number?
True
Is 333581 prime?
True
Is 4861 composite?
False
Is 90583 a prime number?
True
Is 453107 a prime number?
True
Is 4283 a composite number?
False
Is 1211227 a prime number?
True
Is 13117 prime?
False
Is 3466 prime?
False
Is 73561 composite?
False
Is 3709 a prime number?
True
Is 306301 prime?
True
Is 527591 a composite number?
False
Is 5519 composite?
False
Is 460771 a composite number?
False
Is 16087 composite?
False
Is 4547 a prime number?
True
Is 13291 a composite number?
False
Is 150473 a prime number?
True
Is 145253 a composite number?
False
Is 11957 a composite number?
True
Is 1241651 composite?
False
Is 104623 prime?
True
Is 9237 a composite number?
True
Is 42031 a composite number?
True
Is 10061 a prime number?
True
Is 568163 composite?
False
Is 14351 a composite number?
True
Is 253133 prime?
True
Is 37159 composite?
False
Is 108613 prime?
False
Is 178831 composite?
False
Is 1317 a composite number?
True
Is 81689 a prime number?
True
Is 282089 a prime number?
True
Is 92281 a composite number?
True
Is 25589 a prime number?
True
Is 2070997 prime?
True
Is 61003 prime?
False
Is 2531 a prime number?
True
Is 75679 a composite number?
False
Is 252571 prime?
False
Is 70985 prime?
False
Is 9543 composite?
True
Is 918287 a composite number?
True
Is 4998941 composite?
False
Is 36943 a prime number?
True
Is 200639 prime?
True
Is 53813 a prime number?
True
Is 7069 a prime number?
True
Is 14081 a composite number?
False
Is 207379 composite?
True
Is 5199 prime?
False
Is 80111 a composite number?
False
Is 6241 prime?
False
Is 208331 a prime number?
False
Is 101081 prime?
True
Is 281881 a composite number?
True
Is 3455 a composite number?
True
Is 680749 a composite number?
False
Is 931657 prime?
True
Is 22423 a prime number?
False
Is 2321 a prime number?
False
Is 23117 a prime number?
True
Is 82139 a composite number?
False
Is 30127 a composite number?
True
Is 294445 composite?
True
Is 15091 a prime number?
True
Is 967 a prime number?
True
Is 1448761 composite?
False
Is 20027 a composite number?
True
Is 3457 a prime number?
True
Is 35291 a composite number?
False
Is 11213 a prime number?
True
Is 112543 composite?
False
Is 9407 prime?
False
Is 250981 a prime number?
False
Is 2491 prime?
False
Is 12743 prime?
True
Is 2843 composite?
False
Is 2503 prime?
True
Is 6089 a prime number?
True
Is 68461 a composite number?
True
Is 138101 a prime number?
True
Is 12359 a composite number?
True
Is 2950601 a prime number?
False
Is 687119 prime?
False
Is 189053 a composite number?
True
Is 73043 prime?
True
Is 47491 a composite number?
False
Is 6914 composite?
True
Is 15187 a prime number?
True
Is 13849 composite?
True
Is 10445 a composite number?
True
Is 1032305 a composite number?
True
Is 178378 a prime number?
False
Is 1420517 composite?
True
Is 355983 prime?
False
Is 95905 composite?
True
Is 1837 prime?
False
Is 126631 a prime number?
True
Is 8287 composite?
False
Is 27091 composite?
False
Is 110579 a prime number?
False
Is 2231 a prime number?
False
Is 7279 a composite number?
True
Is 251 a prime number?
True
Is 48731 a composite number?
False
Is 352459 a composite number?
False
Is 3371 composite?
False
Is 655 a prime number?
False
Is 40987 prime?
False
Is 230363 a composite number?
True
Is 26539 prime?
True
Is 237 prime?
False
Is 216773 a composite number?
True
Is 426469 a composite number?
False
Is 461207 prime?
True
Is 1987 a composite number?
False
Is 14587 prime?
False
Is 346157 prime?
False
Is 8707 a composite number?
False
Is 223903 prime?
True
Is 7509 a composite number?
True
Is 2215 prime?
False
Is 53483 composite?
True
Is 13397 composite?
False
Is 1529 a composite number?
True
Is 1021283 a prime number?
True
Is 13997 a prime number?
True
Is 743 prime?
True
Is 48171 prime?
False
Is 9923 prime?
True
Is 515351 composite?
False
Is 2253 a composite number?
True
Is 34135 a prime number?
False
Is 14281 prime?
True
Is 21353 prime?
False
Is 837691 a composite number?
True
Is 198013 a prime number?
True
Is 1548121 composite?
False
Is 10681 prime?
False
Is 30565 a composite number?
True
Is 4533 a prime number?
False
Is 723721 composite?
False
Is 154085 prime?
False
Is 581597 a composite number?
False
Is 1213 prime?
True
Is 526 composite?
True
Is 625811 a composite number?
False
Is 119347 a prime number?
False
Is 14243 a prime number?
True
Is 5201 composite?
True
Is 531957 a composite number?
True
Is 26449 prime?
True
Is 95179 composite?
True
Is 505289 prime?
False
Is 541 prime?
True
Is 47903 a composite number?
False
Is 52135 composite?
True
Is 3589 a prime number?
False
Is 162947 composite?
False
Is 1330967 prime?
False
Is 125497 a composite number?
False
Is 11249 prime?
False
Is 8545 composite?
True
Is 1814 a composite number?
True
Is 59959 prime?
False
Is 24601 prime?
False
Is 192922 prime?
False
Is 108863 a composite number?
False
Is 39917 prime?
False
Is 25763 composite?
False
Is 4573 prime?
False
Is 1775993 a prime number?
False
Is 312491 a composite number?
True
Is 5147 composite?
False
Is 3437 a composite number?
True
Is 206027 prime?
True
Is 314 a prime number?
False
Is 2921 a composite number?
True
Is 67101 prime?
False
Is 1132063 prime?
True
Is 1648481 composite?
False
Is 11897 prime?
True
Is 418553 prime?
True
Is 125273 composite?
True
Is 4909 prime?
True
Is 21457 a prime number?
False
Is 8779 prime?
True
Is 67157 prime?
True
Is 21557 composite?
False
Is 2559955 composite?
True
Is 22297 prime?
False
Is 16087 prime?
True
Is 83095 a prime number?
False
Is 118439 a composite number?
True
Is 131081 prime?
False
Is 51607 prime?
True
Is 180421 a composite number?
True
Is 41443 a composite number?
False
Is 17363 prime?
False
Is 1069 composite?
False
Is 10673 a composite number?
True
Is 37487 composite?
True
Is 13834 composite?
True
Is 5807 a composite number?
False
Is 25183 prime?
True
Is 2609 prime?
True
Is 193703 composite?
False
Is 229778 a composite number?
True
Is 530969 prime?
True
Is 101399 a prime number?
True
Is 1348505 prime?
False
Is 324791 prime?
True
Is 1499 a prime number?
True
Is 4009 composite?
True
Is 422687 composite?
True
Is 513473 a prime number?
True
Is 78367 a composite number?
False
Is 2999189 a composite number?
False
Is 12841 composite?
False
Is 211 a prime number?
True
Is 5981 a composite number?
False
Is 1157 prime?
False
Is 55513 composite?
True
Is 32117 prime?
True
Is 28253 a prime number?
False
Is 95311 a prime number?
True
Is 253727 composite?
True
Is 31051 composite?
False
Is 8981 a composite number?
True
Is 10243 prime?
True
Is 379 a prime number?
True
Is 2179 composite?
False
Is 313093 a prime number?
False
Is 51151 a prime number?
True
Is 46237 a prime number?
True
Is 133519 a composite number?
False
Is 1138703 a prime number?
True
Is 766669 a composite number?
True
Is 15229 a composite number?
True
Is 186859 a prime number?
True
Is 2927 composite?
False
Is 163759 a prime number?
False
Is 36521 a composite number?
True
Is 20507 prime?
True
Is 186793 a prime number?
True
Is 5486381 a prime number?
True
Is 764129 a composite number?
True
Is 26431 prime?
True
Is 4704331 a composite number?
True
Is 33997 prime?
True
Is 93551 prime?
False
Is 303271 composite?
False
Is 5923 a composite number?
False
Is 1106797 composite?
True
Is 1637 a composite number?
False
Is 7597 prime?
False
Is 1130863 composite?
False
Is 148327 prime?
False
Is 983261 prime?
True
Is 6679 a prime number?
True
Is 147523 a prime number?
False
Is 342919 a composite number?
True
Is 6287 composite?
False
Is 4909 composite?
False
Is 368497 a composite number?
True
Is 91527 a composite number?
True
Is 77137 prime?
True
Is 5669 a composite number?
False
Is 626987 composite?
False
Is 1227299 composite?
False
Is 912157 prime?
False
Is 477177 a prime number?
False
Is 292909 prime?
True
Is 102433 prime?
True
Is 90107 composite?
False
Is 8939 prime?
False
Is 9967 composite?
False
Is 6113 composite?
False
Is 565853 composite?
True
Is 144559 